 - 1892 = 5*p. Suppose -d - 3*d + 286 = 3*k, -5*k + 2*d = -g. What are the prime factors of k?
2, 47
Let o = -510 + 289. Let g = o - -498. List the prime factors of g.
277
Let n(s) = -143*s - 15. Let r be n(2). Let h = 101 - r. List the prime factors of h.
2, 3, 67
Suppose -i + 3*w + 7884 = -0*w, 0 = -3*i + 3*w + 23634. What are the prime factors of i?
3, 5, 7
Let f be 12/((9/3 - 1)/(-2)). Let z(u) = 4*u - 1. Let j(x) = 8*x - 2. Let t(w) = 2*j(w) - 5*z(w). List the prime factors of t(f).
7
Let l = 109986 + -76266. List the prime factors of l.
2, 3, 5, 281
Let q(h) = 3*h - 1. Let g be q(2). Let y = -315 + 320. Suppose g*o + 10 = -4*s, -2*s - y = -s. What are the prime factors of o?
2
Suppose -149*c - 228 = -206*c. Let i(n) = 29*n**2 + 4*n. Let q be i(-3). Suppose c*s + y + q = 7*s, y + 332 = 4*s. What are the prime factors of s?
83
Let q(w) = -9*w**2 + 24*w + 6. Let m be q(3). Suppose 0 = 3*x - x + 130. Let p = m - x. List the prime factors of p.
2, 31
Let b = -2614 + 4358. Suppose 4*h + 4*a = b, -7*h + 2*a + 1323 = -4*h. Suppose -8*i = -h - 201. What are the prime factors of i?
2, 5
Let o be ((-3)/(-1))/(9/6). List the prime factors of (735 - (o - 4)) + 1 + 0.
2, 3, 41
Suppose -50*k + 44*k = 0. Suppose -4 = -b, -f + k*b - 5*b = -389. What are the prime factors of f?
3, 41
Suppose -a + 5*u - 20 = 0, -5*u + 13 + 2 = -2*a. Suppose -3*g - 5*d = g - 779, -3*d = a*g - 990. What are the prime factors of g?
3, 67
Let j(i) = -i**2 - 13*i - 32. Let v be j(-9). Suppose c - y = 2 + 12, v*c = 2*y + 48. What are the prime factors of ((-52)/4)/((-5)/c)?
2, 13
Let m(l) = -93*l**3 - 1. Let d be m(-1). Suppose 167 = 11*k + 838. Let g = k + d. List the prime factors of g.
31
Suppose -j - 4*d = -11993, 5*j - 2*d - 40809 = 19046. What are the prime factors of j?
3, 13, 307
Let h(b) = b**3 - 4*b**2 + 2*b - 8. Let m be h(4). Suppose m = -v - 0*v. Suppose v = w + 5*w - 216. List the prime factors of w.
2, 3
Let y be (792/126)/((-2)/(-7)). Let w = y - 2. Let u = 45 - w. List the prime factors of u.
5
Let f be (55 - 59)*(1 - 2*1). Suppose -f*s + 7062 = -886. List the prime factors of s.
1987
Let i(t) = -55*t + 9. Suppose -28*b - 63 = -21*b. What are the prime factors of i(b)?
2, 3, 7
Let v(b) = 104*b**2 + 185*b + 1465. List the prime factors of v(-8).
29, 229
Suppose 4*r + 241571 = 17*r - 5559. What are the prime factors of r?
2, 5, 1901
Suppose -4*z + 235 - 79 = 0. Suppose -61 = -4*i + z. List the prime factors of i.
5
Let h(g) be the second derivative of -g**4/12 + 17*g**3/6 + 51*g**2/2 + 2*g. Suppose 4*j - 14 = 6*u - 8*u, 4*j - 48 = -4*u. List the prime factors of h(u).
3, 17
Let b = 11436 - -4772. List the prime factors of b.
2, 1013
Let m(s) = 3*s**3 - s**2 - s - 7. Let q(l) = -l**3 + l**2 + l - 1. Let j(g) = -m(g) - 6*q(g). List the prime factors of j(6).
11, 41
Let k = -28 + 44. Suppose -3*j + 2*j + z = -2, k = -4*j - 4*z. Let i = j - -3. What are the prime factors of i?
2
Let n = 16 + -62. Let k = n - -46. Suppose -2*m + 13*m - 1617 = k. What are the prime factors of m?
3, 7
Suppose i - 6*i - 4*f = 9, 41 = -5*i + 4*f. What are the prime factors of i - -14*90/12?
2, 5
Let d = 12509 + -6023. What are the prime factors of d?
2, 3, 23, 47
Let v(m) = m**2 - 10*m + 26. Let j be v(12). Let g = 55 - j. Suppose 3*z + 2 = z, g*t = -2*z + 1078. List the prime factors of t.
2, 3
Let h = 837 + -595. Suppose -r + h = -152. What are the prime factors of r?
2, 197
Let i(k) = -10*k**2 + 502*k - 34. What are the prime factors of i(40)?
2, 7, 17
Let u = -402 - -1035. Let s = 1252 - u. List the prime factors of s.
619
Suppose 0 = -k + 5*v + 223, -3*k + 2*v + 689 = -3*v. Suppose 289 = -n - k. What are the prime factors of (n/(-4))/(2 - 15/12)?
2, 3, 29
Suppose 10 - 10 = -5*q. Let w be -1*1*(-4)/12*q. What are the prime factors of (35 + w)*(-1 - 42/(-30))?
2, 7
Suppose 380 = 11*c - 49. Let p = 90 - c. Suppose -r - 5*b = -p - 88, -2*r + 310 = 2*b. List the prime factors of r.
3, 53
Let r(x) = 7*x + 12. Let z(h) = 155*h + 265. Let p(k) = -45*r(k) + 2*z(k). Let b(m) = -2*m - 18. Let u be b(-6). List the prime factors of p(u).
2, 5
Let c(q) = 19*q**2 - 3*q - 25. Let u(i) = -20*i**2 + 4*i + 30. Let p(l) = 5*c(l) + 4*u(l). What are the prime factors of p(-10)?
3, 5, 11
Suppose -20749 = -5*c - 846*l + 845*l, 5*l + 30 = 0. What are the prime factors of c?
7, 593
Let n be ((-72)/(-10))/(8/40). Let r = 52 - n. Suppose -5*f = -f - r. List the prime factors of f.
2
Let g(f) = -71*f - 13. Let d(x) = -36*x - 6. Let y(c) = 9*d(c) - 4*g(c). What are the prime factors of y(-9)?
2, 179
Suppose 169*i - 174*i = -2080. Suppose 2*v = 2*t - i, 5*t + 5*v + 0*v = 1050. List the prime factors of t.
11, 19
Let i(l) be the third derivative of l**6/10 - l**4/24 + l**3/3 - 8*l**2. Suppose 11*j + 2 = 13*j. List the prime factors of i(j).
13
Suppose -12 + 30 = 3*j. Suppose -56 = -j*z + 190. Suppose 6*w + 2*l - z = 3*w, 0 = 5*w - l - 77. List the prime factors of w.
3, 5
Suppose 0*x + 4*x + 1029 = 5*r, -408 = -2*r - 2*x. Suppose 200*q - r*q + 550 = 0. List the prime factors of q.
2, 5, 11
Suppose -58 = -12*b - 22. Suppose 2*t - 3*i - 269 - b = 0, i - 397 = -3*t. What are the prime factors of t?
7, 19
What are the prime factors of ((-141)/9)/(3/(-3024)) + 2?
2, 53, 149
Let v(o) = 214*o**3 - 3*o**2 - 173*o**3 + 6 - 2 - 2 + o. What are the prime factors of v(2)?
2, 5
Let s(l) = l. Let x be s(-3). Let a be (-5)/(-7 + 3 - x). Suppose 9*p - 4*p - 1127 = -f, 2*p + a*f - 460 = 0. List the prime factors of p.
3, 5
Let m(f) = f**2 + 9*f + 23. Let q be m(-5). Suppose -q*v = -11*v + 584. List the prime factors of v.
73
Let f = -11 - 2. Let z(t) = t**2 - 5*t - 19. Let s be z(f). Suppose s = 2*u + 3*b + 2*b, 555 = 5*u - 5*b. List the prime factors of u.
2, 5, 11
Let a(b) = -281*b + 2491. List the prime factors of a(-75).
2, 11783
Let j(n) = 157*n**2 - 109*n + 50. What are the prime factors of j(-5)?
2, 5, 113
Let g = -35723 + 52697. What are the prime factors of g?
2, 3, 23, 41
Let r(x) = 5*x**2 - 8*x + 4. Let s be r(5). Suppose 6*q - s = -287. What are the prime factors of (11/q)/((-2)/774)?
3, 43
Suppose -15 = n + 5*h, h + 26 = 4*n + 2. Suppose -f = f - n*f. Suppose -1032 = -f*k - 6*k. List the prime factors of k.
2, 43
Let x(m) = 42*m**2 + 2*m + 3. Let b be x(3). List the prime factors of 86/b - 4390/(-9).
2, 61
Let k(l) = -l**3 + 7*l**2 - 11*l + 21. Let u be k(6). What are the prime factors of ((-20)/(-6))/(u/(135/(-10)))?
5
Let s(m) = 40*m + 16. Let n be (2 - 5)*12/(-36). Let p be (237/(-395))/(n*(-2)/10). What are the prime factors of s(p)?
2, 17
Let x = -32563 - -54727. List the prime factors of x.
2, 3, 1847
Let b = -23644 + 33537. List the prime factors of b.
13, 761
Suppose 15 - 81 = u. Let k = u - -1126. List the prime factors of k.
2, 5, 53
Let b(n) be the first derivative of n**4/4 - 4*n**3/3 - 6*n + 11. Let w = 74 - 68. List the prime factors of b(w).
2, 3, 11
Let i(u) = -113*u + 58. Let x be i(-13). Let m = x - 986. List the prime factors of m.
541
Let u(s) = 72*s - 83. Let t = 169 - 161. List the prime factors of u(t).
17, 29
Suppose 9*y = 11*y - 48. Suppose -y*a + 1812 = -12*a. What are the prime factors of a?
151
Let l(s) = s**3 - 13*s**2 - 11*s + 140. List the prime factors of l(24).
2, 1553
Let b(u) = 14*u. Let z be (-9)/2*(-18)/(3 + 0). Let o = 28 - z. What are the prime factors of b(o)?
2, 7
Let f = -7142 + 7275. What are the prime factors of f?
7, 19
Let w = -3741 - -8889. List the prime factors of w.
2, 3, 11, 13
Suppose -3*m + 78 = -2*a, 4*m + 135 = 9*m - 5*a. What are the prime factors of (-224)/m*135/(-10)?
2, 3, 7
Let c(x) = x**2 + 3*x + 8. Let s(l) = 2*l**2 + 7*l + 16. Let w(t) = 5*c(t) - 2*s(t). Suppose 60*i + 65 = 73*i. What are the prime factors of w(i)?
2, 19
Let w = -213 - -215. List the prime factors of w - (-1 + -325 + -4).
2, 83
Let k(a) = a**2 - 5*a - 19. Let o be 1*2*(-3)/6. Let f be -2*90/(-4)*o/5. What are the prime factors of k(f)?
107
Let l be ((-12)/66 - (-2)/11)/2. Let s be -4 - l - 1344/16. Let d = -14 - s. What are the prime factors of d?
2, 37
Let m = -2500 - -1729. Let f = m + 359. Let b = f - -596. What are the prime factors of b?
2, 23
Let b = -1831 + 2835. Suppose -2*q = -b + 250. What are the prime factors of q?
13, 29
Suppose 5*l + 184 = -4*t, 0 = -2*t - 2*l - 17 - 75. L